What is the tens digit of m?
1
Let t be ((-9)/(-6))/((-2)/(-16)). What is the tens digit of 6/t + 279/6?
4
Let j be (-6)/(-39) + (-84)/39. Let k = j + 4. Suppose 6 - 4 = k*a. What is the units digit of a?
1
Let h be 1/6 + 788/24. Suppose -d + 5 = -3*s - h, 4*s = 4*d - 136. What is the units digit of d?
2
Let d(u) = 60*u - 147. Let f(g) = -15*g + 37. Let c(r) = -2*d(r) - 9*f(r). What is the tens digit of c(6)?
5
Suppose 24 = 5*y - 56. Suppose 0 = 4*v - 20 - y. What is the units digit of v?
9
Suppose o = 4*f - 3381, 56*f + 5*o + 3385 = 60*f. What is the tens digit of f?
4
Suppose -2*w - 6 = -16. Suppose -c + 2*c - 9 = 0. Let n = c + w. What is the tens digit of n?
1
Suppose 2263 = 3281*c - 3280*c. What is the thousands digit of c?
2
Let z = 281 - -11. What is the tens digit of z?
9
Let v = -46 - -46. Suppose -4*j + 100 = -v*j. What is the tens digit of j?
2
Suppose 0 = 2*k - 35 - 43. Suppose r = -0*r - 5*i + 46, -r + 2*i = -k. What is the units digit of r?
1
Let i be (1 + 5)*(-1)/(-2). Let r(c) = c**2 + 1. Let m be r(-2). Suppose -t - m*j = -4, -j + 1 = t - i. What is the units digit of t?
4
Suppose 53 = u - 5*t, u - 2*t + 7 - 45 = 0. Suppose u = -8*d + 324. What is the tens digit of d?
3
Let q(w) be the third derivative of w**6/120 + w**5/30 + w**4/24 + w**3/2 + 12*w**2. Let i be q(-3). What is the tens digit of ((-75)/i)/(1/3)?
2
Let b(r) = -2*r**3 + 3*r**2 - 5*r - 23. Let i be b(-7). Suppose 9*x - i = 793. What is the tens digit of x?
8
Suppose 2*n + 147 = 747. Let z = n - 431. Let p = z - -198. What is the tens digit of p?
6
Let x(v) = -64 - 5*v + 51 + v**2 + 0*v**2. Let y be x(13). Let i = y + -57. What is the tens digit of i?
3
What is the hundreds digit of (48/14)/((-27)/(-6804))?
8
Let l = 276 + -549. Let n be (-1)/(-4) - l/28. Suppose 2*c - 12 = n. What is the units digit of c?
1
Suppose 0 = 6*n - 22 + 4. Suppose 4*b - a - 3*a = 108, -n*b - 4*a + 102 = 0. What is the tens digit of b?
3
Let u(x) = -3*x - 328. Let f be u(0). Let t = f - -611. What is the units digit of t?
3
Let f be -7 + 2 + 1 - -6. Suppose 0 = 4*u - 5*b - 1, -u + 18 = f*u + 2*b. What is the units digit of (-6)/u*(-576)/27?
2
Suppose -4*j + 4*w + 12 = 0, j + j + 4*w + 12 = 0. What is the tens digit of (j + 10/(-4))*-64?
6
Suppose -4*j - 12 = -36. Suppose 3*v - 729 = -j*v. What is the units digit of v?
1
Suppose -7*y = -1424 - 1775. What is the hundreds digit of y?
4
Suppose 5*n + l = -l + 31, -4*n = 2*l - 26. Suppose -n*c + 533 = -127. What is the tens digit of c?
3
Suppose -2*l = 5 + 3. Let h(w) = 3*w - 25. Let y be h(10). Let t = y - l. What is the units digit of t?
9
Suppose 0 = 4*z - 1798 - 1774. What is the tens digit of z?
9
Suppose -11*b = -7*b - 524. Suppose -7*v + b = -338. What is the tens digit of v?
6
Suppose 11496 = 7*c - 15279. What is the hundreds digit of c?
8
What is the tens digit of 2193/(-42)*-36 - (-2)/7?
8
Let l(x) = -2*x + 3. Let r be l(-1). Suppose r*o + 70 - 295 = 0. What is the units digit of o?
5
Suppose 2*o - 4*o = -90. Let q = -25 + o. What is the units digit of q?
0
Let m = -67 - -165. Suppose -3*u = -t + 20, 0 = -4*t - u + m + 21. What is the tens digit of t?
2
Suppose -3*g = 2*q + 8110 + 1225, -2*g - 6223 = q. What is the tens digit of (g/(-68))/((-1)/(-4))?
8
Suppose -1 = -n - 4*k, 0 = -n - 0*n - k - 2. Let b be (19/(-3))/(1/n). Suppose -3 = h - b. What is the tens digit of h?
1
Suppose 0 = -3*n - 0*n. Suppose 3*o - f = -6*f - 25, n = -5*o + 4*f + 20. Let b(c) = -c**2 - c + 17. What is the tens digit of b(o)?
1
What is the units digit of (-2)/(-24) + (-587003)/(-732)?
2
Let t = 1581 + -1323. What is the tens digit of t?
5
What is the tens digit of ((-1)/((-5)/(-68)))/((-136)/4420)?
4
Let t(u) = -11*u - 3. Let o(n) = -23*n - 6. Let d(p) = 3*o(p) - 7*t(p). Let a(w) = -w**3 - 2*w**2 + w - 3. Let z be a(-3). What is the tens digit of d(z)?
2
Let k = 529 - 186. What is the hundreds digit of k?
3
Suppose 7*g - 11*g = 4, 3*q = g + 1237. What is the hundreds digit of q?
4
Suppose 3*g + 3 = -18. Let k be 18/((-6)/(-2))*13/3. Let b = k + g. What is the tens digit of b?
1
Let l = 2484 + -1671. What is the tens digit of l?
1
Let r = 10 - 8. Let x be 1 + 2 - (-8 + r). Suppose g - x = -4*q + 2*q, 51 = 3*g - 2*q. What is the tens digit of g?
1
Suppose 4 = -2*x + 6*x. What is the tens digit of 3 + -3 - x - -49?
4
Suppose -5*x - s - s = -134, -x + s + 24 = 0. Let n be x/8 + 13/(-52). Suppose 4*m - 80 = 4*l, 2*m - 2*l - 46 = n*l. What is the tens digit of m?
1
Let p be 264/99*(1 + (-334)/(-8)). Suppose -s = f + 2*f - 65, p = 5*f - 4*s. What is the tens digit of f?
2
Suppose 4*m + 8 = 0, -5*y - m + 0*m + 248 = 0. Let n = -30 + y. Let f = n - -14. What is the tens digit of f?
3
Let x be 69/(-2 + -1)*1*6. Let h = 17 - x. What is the hundreds digit of h?
1
Let d = 2637 - 1876. What is the units digit of d?
1
Let t(j) = -j + 23. Suppose 8 = -w + 3. Let p be 2/5 - (-2)/w. What is the units digit of t(p)?
3
Let c(v) = 13*v + 17. Let q be c(11). Suppose 0 = -5*w - 3*j + 221, q = 4*w - 5*j - 39. What is the units digit of w?
6
Let d be 20/(-30)*(-858)/4. Suppose 5*l + o - d = 0, -3*o - 9 = -3. What is the tens digit of l?
2
Let p(h) = -20*h - 25. What is the hundreds digit of p(-22)?
4
Let k be 6 - (0 - 9/((-36)/8)). Suppose 454 = 2*p + 3*h - 103, -2*p = -k*h - 564. What is the units digit of p?
0
Let r(g) = -g**3 - g**2 - 3*g + 4. Let s be r(-4). Let y(x) = 2*x - 22. Let w be y(-11). Let i = s + w. What is the tens digit of i?
2
Suppose 16 = 4*f, 4*q + 2*f - 926 - 3046 = 0. What is the hundreds digit of q?
9
Suppose -68*k - 2136 = -72*k. What is the tens digit of k?
3
Let q = -52 + 58. What is the units digit of (-5)/((-20)/48)*44/q?
8
Let k = 622 + 209. What is the tens digit of k?
3
Let h be 392 - (2 - 0/3). Suppose 3*o - h = -0*o. Suppose -5*f - 3*y + 155 = 0, o + 25 = 5*f + y. What is the tens digit of f?
3
Let j be 1/(-6) - (-2884)/24. Suppose -6*i + 11*i - j = 0. Let v = 14 + i. What is the tens digit of v?
3
Let w(c) = -c. Let u be w(-2). Let p be (1/u)/(9/(-144)). Let z(d) = d**3 + 8*d**2 - 3*d. What is the tens digit of z(p)?
2
Suppose -5*y - 15 = -5*f, 0 = -4*f - f - 3*y + 7. Suppose -2*p = -6, f*m - p = -0*m + 103. What is the units digit of m?
3
Suppose 32*i - 40740 = 2*i. What is the hundreds digit of i?
3
Let o(t) = -t**3 - 14*t**2 + 17*t - 6. Let s be o(-15). What is the tens digit of (s/21)/((-12)/798)?
1
Let p = -15 - -23. Let h = p - 3. Suppose 159 = h*w + 19. What is the tens digit of w?
2
Let d(y) = y**3 + 4*y**2 - 2*y + 4. Let w be (-3 - -4 - 1)/2. Suppose w = -4*u - u - 20. What is the units digit of d(u)?
2
Suppose -4*g - v = 12 + 10, 0 = -3*v + 6. Let u(m) = -2*m - 4. Let y be u(g). Suppose -2*c + 0 = -j + 4, 2*j - 2*c = y. What is the units digit of j?
4
Let f(l) = -6*l - 30. Let d be f(-13). Suppose 5*s - 2*u - 28 = 0, 2*s + 4 = s - 2*u. Suppose 2*g + 0*p - 64 = s*p, -4*p + d = 2*g. What is the tens digit of g?
2
Let a = 7 - 1. Suppose -w - 20 = -a*w. Suppose 0 = w*g - s - 83, 27 = g - s + 2*s. What is the tens digit of g?
2
Let h(q) = -q**3 - 5*q**2 + 7*q - 2. Let b(f) be the first derivative of -2*f**4 + 2*f**3/3 - f**2 + f - 10. Let n be b(1). What is the units digit of h(n)?
7
Suppose 2*k - 7 = -63. Let v = 64 + k. Suppose 2*b = -l - 3*l + 30, -v = -5*l - 3*b. What is the units digit of l?
9
Suppose 57*t = 1484 + 2107. What is the units digit of t?
3
Let j(y) = -11*y + 2. Let i(m) = 7*m - 1. Let a(v) = -8*i(v) - 5*j(v). Let l be a(0). What is the tens digit of 36 - l*1/(-2)?
3
Suppose 10 = -5*g + 30, -5*r + 5*g + 465 = 0. Let p = r - 62. What is the units digit of 10/p - 159/(-7)?
3
Let r = 36 + -102. Let p = -23 - -45. What is the units digit of (p/(-4))/(11/r)?
3
Let x(d) be the second derivative of 9/2*d**2 - 6*d - 7/12*d**4 - 7/6*d**3 + 1/20*d**5 + 0. What is the units digit of x(8)?
7
Let b = 16 + 7. Suppose 2*q - 2 - 24 = -m, -106 = -3*m + q. Let i = b + m. What is the tens digit of i?
5
What is the thousands digit of 31961/21 - (-47)/987?
1
Let l be (0 + -27)*(-3)/9. Suppose -5*v + a + 26 - l = 0, 0 = v + a - 1. Suppose 5*q - 232 = -4*r, 0 = 4*r - v*q - 11 - 189. What is the tens digit of r?
5
Let n(c) = 3*c**2 - 10*c - 15. Let i(w) = -2*w**2 + 10*w + 14. Let p(z) = 4*i(z) + 3*n(z). Let q be p(-8). Let s = 22 + q. What is t